t b231 (base 13) to base 5.
1241140
What is -7667 (base 9) in base 2?
-1011000010010
Convert -604 (base 15) to base 4.
-111022
What is 10805 (base 9) in base 15?
220e
Convert -105 (base 12) to base 11.
-126
5441 (base 6) to base 8
2341
-101100 (base 3) to base 14
-15d
Convert -3553 (base 10) to base 6.
-24241
Convert -16356 (base 7) to base 2.
-1001000100111
Convert 3202 (base 13) to base 7.
26131
Convert -179 (base 15) to base 14.
-1a3
Convert 105330 (base 6) to base 15.
29dc
What is -1333124 (base 5) in base 13?
-c562
What is 20204 (base 5) in base 14?
692
What is -a08 (base 11) in base 16?
-4c2
Convert -120210 (base 4) to base 15.
-6ec
What is -27b (base 15) in base 10?
-566
What is -1866 (base 10) in base 14?
-974
What is -55215 (base 6) in base 12?
-450b
Convert 5565 (base 8) to base 4.
231311
What is 10111100011 (base 2) in base 5?
22012
-113000 (base 6) to base 15
-2d30
-5132 (base 9) to base 16
-eab
Convert c771 (base 14) to base 9.
52161
-10046 (base 7) to base 11
-1914
What is -37449 (base 10) in base 14?
-d90d
What is -3544 (base 7) in base 12?
-90a
3021032 (base 5) to base 3
2110012200
Convert -1536 (base 10) to base 11.
-1177
What is -100000010001 (base 2) in base 11?
-1608
18499 (base 13) to base 3
2101101111
Convert 2531 (base 6) to base 14.
331
What is 99c1 (base 16) in base 10?
39361
Convert 24461 (base 7) to base 13.
2bc4
Convert -12030013 (base 4) to base 8.
-61407
Convert 10110100 (base 2) to base 14.
cc
Convert 203 (base 14) to base 8.
613
What is -30211 (base 7) in base 3?
-101000201
What is 747 (base 9) in base 12?
42a
What is -4e6 (base 15) in base 14?
-59a
What is -1000112001 (base 3) in base 7?
-112330
Convert 73247 (base 8) to base 11.
20904
What is -222102101 (base 3) in base 2?
-100101100111101
-11a4 (base 12) to base 3
-2201221
What is 446 (base 9) in base 12?
266
1010313 (base 4) to base 15
148c
What is 1764 (base 9) in base 5?
20404
Convert -1112 (base 11) to base 3.
-2000021
What is -64 (base 14) in base 16?
-58
-21021112 (base 3) to base 7
-21320
What is -1002300 (base 6) in base 4?
-23201130
-70 (base 11) to base 5
-302
2d1 (base 15) to base 14
342
11609 (base 13) to base 14
b821
Convert -4b2b (base 13) to base 11.
-8033
Convert 231b (base 15) to base 4.
1310123
Convert 10cb5 (base 13) to base 5.
1440422
33213 (base 4) to base 6
4343
160a (base 14) to base 13
1a34
-240313 (base 5) to base 3
-110010011
-23131 (base 4) to base 9
-1004
What is a06 (base 13) in base 9?
2284
Convert -73b (base 14) to base 2.
-10110010001
-20a9 (base 13) to base 2
-1000110110101
-6a9 (base 11) to base 15
-3b5
Convert -400 (base 14) to base 13.
-484
What is 313121 (base 5) in base 8?
24253
What is 64121 (base 7) in base 8?
36742
-38613 (base 9) to base 5
-1313023
Convert -102 (base 3) to base 5.
-21
-100111011110 (base 2) to base 15
-b36
What is -10112040 (base 5) in base 2?
-10100000011100001
Convert -1728 (base 14) to base 10.
-4152
What is 9 (base 16) in base 5?
14
What is -f6 (base 16) in base 12?
-186
-12550 (base 6) to base 14
-9c6
Convert 1928 (base 11) to base 5.
34300
Convert -5890 (base 12) to base 2.
-10011010101100
Convert -161 (base 13) to base 5.
-1443
Convert 115 (base 8) to base 10.
77
Convert -24902 (base 12) to base 11.
-34366
What is -412 (base 10) in base 12?
-2a4
Convert -2648 (base 9) to base 11.
-1548
-6830 (base 10) to base 9
-10328
-50314 (base 7) to base 3
-121200111
2638 (base 9) to base 4
132323
114003 (base 5) to base 11
3217
-5315 (base 6) to base 11
-9a0
Convert 145a (base 12) to base 4.
211012
-1121420 (base 5) to base 8
-47413
-2a64 (base 13) to base 15
-1c61
Convert -11010100000 (base 2) to base 4.
-122200
-988 (base 13) to base 8
-3141
4c9 (base 16) to base 8
2311
-119 (base 10) to base 16
-77
What is -100021213 (base 4) in base 5?
-4104101
-32404 (base 6) to base 11
-33a2
Convert 562 (base 16) to base 11.
1043
-16481 (base 9) to base 3
-120112201
What is -23221 (base 5) in base 12?
-b86
What is -886 (base 10) in base 3?
-1012211
-560 (base 13) to base 8
-1633
Convert 10011011101111 (base 2) to base 12.
5927
Convert 1022121211 (base 3) to base 9.
38554
What is 100011000000 (base 2) in base 9?
3058
Convert 186 (base 12) to base 11.
204
What is -8a5 (base 11) in base 16?
-43b
Convert -114301 (base 5) to base 8.
-10346
Convert 3c9 (base 15) to base 13.
516
What is a9c4 (base 14) in base 13?
104a9
What is 220000 (base 3) in base 5?
10043
What is 1512541 (base 6) in base 10?
87469
3216 (base 12) to base 14
2002
1220112120 (base 3) to base 5
2200242
Convert -1d3 (base 15) to base 12.
-2b3
Convert -1111101111 (base 2) to base 10.
-1007
What is -44304 (base 6) in base 7?
-23650
886 (base 16) to base 7
6235
What is 1330424 (base 5) in base 7?
141454
35659 (base 10) to base 6
433031
What is 11025 (base 7) in base 2?
101011001011
2000010 (base 3) to base 13
885
What is 311220 (base 4) in base 7?
13002
What is 6c2 (base 14) in base 13?
7c7
-30ca (base 13) to base 3
-100021021
-223 (base 9) to base 12
-133
740 (base 10) to base 15
345
-1300 (base 4) to base 8
-160
4224 (base 5) to base 4
20310
Convert 3692 (base 10) to base 11.
2857
74500 (base 10) to base 3
10210012021
-6c55 (base 14) to base 2
-100100111001011
What is 423 (base 5) in base 9?
135
What is 10011110010110 (base 2) in base 15?
3009
What is abd2 (base 16) in base 8?
125722
Convert -345b (base 14) to base 2.
-10001110001001
Convert -d2c8 (base 16) to base 15.
-10ec5
Convert ff6 (base 16) to base 7.
14625
252546 (base 7) to base 14
12d96
What is 10199 (base 14) in base 10?
38747
1248 (base 10) to base 9
1636
Convert 42431 (base 5) to base 11.
2176
What is 102110 (base 3) in base 5?
2214
Convert -1010101110001 (base 2) to base 10.
-5489
What is 4dea (base 15) in base 14?
60cd
What is -550143 (base 6) in base 4?
-23011233
Convert -111120 (base 3) to base 4.
-11232
Convert -42 (base 12) to base 3.
-1212
What is -8a2 (base 12) in base 2?
-10011111010
Convert 18c7 (base 14) to base 7.
16040
What is 1000001011000 (base 2) in base 15?
138e
-1181 (base 13) to base 14
-c87
What is -52 (base 7) in base 4?
-211
111010010101 (base 2) to base 12
21b1
-22512 (base 6) to base 7
-12236
-130326 (base 7) to base 15
-726c
Convert -242 (base 11) to base 4.
-10200
-714 (base 8) to base 14
-24c
What is -16737 (base 13) in base 4?
-22133130
Convert -5aec (base 15) to base 3.
-222112120
1cbb6 (base 13) to base 2
1101111001100101
Convert 10002212 (base 3) to base 9.
3085
-285a (base 13) to base 7
-22654
Convert 4002 (base 5) to base 6.
2154
45d (base 15) to base 7
2611
1841 (base 9) to base 2
10110000110
11140 (base 6) to base 14
804
Convert -64520 (base 8) to base 12.
-13728
Convert 21022121 (base 3) to base 12.
3107
Convert 70135 (base 8) to base 4.
13001131
What is -1010000001110 (base 2) in base 11?
-3948
Convert 13111 (base 5) to base 11.
858
What is 120132 (base 4) in base 11?
11a4
What is -102031 (base 4) in base 11?
-96a
What is 110101000011 (base 2) in base 9?
4582
What is -223203 (base 4) in base 16?
-ae3
Convert -212 (base 3) to base 13.
-1a
517 (base 9) to base 3
120121
What is 232113 (base 4) in base 3?
11001220
12211012 (base 3) to base 6
31352
-2212 (base 5) to base 3
-102101
4ba (base 12) to base 10
718
What is 4298 (base 14) in base 3?
120210000
What is -926 (base 12) in base 14?
-6aa
What is f47 (base 16) in base 13?
1a1b
What is -314043 (base 6) in base 3?
-1022000000
1725 (base 9) to base 8
2447
10101011000011 (base 2) to base 6
122403
11212 (base 3) to base 2
10000011
Convert -4302 (base 6) to base 8.
-1716
What is 1011110000010 (base 2) in base 7?
23355
What is 2400 (base 7) in base 3?
1012200
25649 (base 11) to base 12
192b8
-122a2 (base 11) to base 3
-220012222
What is -a77 (base 12) in base 7?
-4315
What is -100001101111011 (base 2) in base 7?
-101236
31422 (base 6) to base 16
10a6
What is -11011102 (base 3) in base 5?
-44120
Convert c1c (base 13) to base 2.
100000000101
What is 108 (base 14) in base 11?
176
What is 222044 (base 6) in base 14?
6acc
What is 2123 (base 4) in base 10?
155
What is -14b (base 14) in base 11?
-21a
Convert -22002221 (base 3) to base 6.
-43211
Convert -10810 (base 10) to base 4.
-2220322
Convert 515 (base 9) to base 5.
3134
Convert -2153 (base 10) to base 14.
-adb
772 (base 12) to base 4
101012
Convert -10764 (base 8) t